{"id":3,"date":"2019-09-16T11:49:34","date_gmt":"2019-09-16T11:49:34","guid":{"rendered":"https:\/\/vuglec-breg.hr\/webshop\/?page_id=3"},"modified":"2024-10-30T14:56:14","modified_gmt":"2024-10-30T12:56:14","slug":"polica-privatnosti","status":"publish","type":"page","link":"https:\/\/vuglec-breg.hr\/webshop\/home\/polica-privatnosti\/","title":{"rendered":"Polica Privatnosti"},"content":{"rendered":"\r\n<h3 class=\"wp-block-heading\">MIDIFAR D.O.O.,\u00a0 za turizam i ugostiteljstvo<\/h3>\r\n<p>\u0160kari\u0107evo 150, 49000 Krapina<\/p>\r\n<p>Trgova\u010dki sud u Zagrebu, MBS 080819769, OIB:60430188166<\/p>\r\n<p>Prodajno mjesto: Web shop &#8220;Vuglec Breg&#8221;\u00a0<\/p>\r\n<h6>Osobne podatke prikupljamo i obra\u0111ujemo u skladu s va\u017ee\u0107im europskim i hrvatskim propisima koji se odnose na za\u0161titu osobnih podataka, a napose u skladu s Uredbom (EU) 2016\/679 Europskog parlamenta i vije\u0107a od 27. travnja 2016. o za\u0161titi pojedinaca u vezi s obradom osobnih podataka i o slobodnom kretanju takvih podataka te o stavljanju izvan snage Direktive 95\/46\/EZ (Op\u0107a uredba o za\u0161titi podataka).<\/h6>\r\n\r\n\r\n\r\n<h2 class=\"wp-block-heading\"><strong>Koje osobne podatke obra\u0111ujemo?<\/strong><\/h2>\r\n\r\n\r\n\r\n<p>Putem na\u0161e web stranice prikupljamo i obra\u0111ujemo va\u0161e ime i prezime, te va\u0161u e-mail adresu.<\/p>\r\n\r\n\r\n\r\n<p>Kada vr\u0161ite rezervaciju smje\u0161taja putem na\u0161e web stranice, bit \u0107ete preusmjereni na sustav rezervacije kojim se koristimo na Vuglec Bregu. Putem sustava prikupljamo podatke koji su nam nu\u017eni za postupanje po va\u0161oj rezervaciji, poput imena i prezimena, dr\u017eave prebivali\u0161ta, broj identifikacijske isprave, e-mail adrese i broja mobitela. Ukoliko vr\u0161ite pla\u0107anje ili garanciju putem kreditne kartice, tada obra\u0111ujemo i podatke koji se nalaze na kreditnoj kartici, uklju\u010duju\u0107i i broj kartice, CVN broj i datum valjanosti kartice.<\/p>\r\n\r\n\r\n\r\n<p>Na na\u0161oj web stranici i kanalima dru\u0161tvenih mre\u017ea objavljujemo fotografije s na\u0161ih doga\u0111anja, kao i fotografije koje se odnose na na\u0161u ponudu i proizvodnju vina. Neke od fotografija mogu sadr\u017eavati osobne podatke, te ih objavljujemo u skladu s Op\u0107om uredbom o za\u0161titi podataka i na\u0161om politikom privatnosti.<\/p>\r\n\r\n\r\n\r\n\r\n\r\n<h3 class=\"wp-block-heading\"><strong>Za\u0161to ih obra\u0111ujemo?<\/strong><\/h3>\r\n\r\n\r\n\r\n<p>Va\u0161e podatke obra\u0111ujemo samo u onu svrhu u koju ste ih dali, bilo da je rije\u010d o provedi va\u0161e rezervacije i \u0161to ugodnijem boravku na Vuglec Bregu ili predstavljanju na\u0161e ponude, posebnih pogodnosti ili doga\u0111anja na Vuglec Bregu.<\/p>\r\n\r\n\r\n\r\n<h3 class=\"wp-block-heading\"><strong>Otkud nam va\u0161i osobni podaci?<\/strong><\/h3>\r\n\r\n\r\n\r\n<p>Na na\u0161oj web stranici osobno unosite svoje podatke prilikom vr\u0161enja rezervacije.<\/p>\r\n\r\n\r\n\r\n<h3 class=\"wp-block-heading\"><strong>Koliko dugo \u010duvamo va\u0161e osobne podatke?<\/strong><\/h3>\r\n\r\n\r\n\r\n<p>Podatke ne bri\u0161emo radi vlastite evidencije i zbog slu\u017ebi kojima smo zakonski obvezni davati takvu vrstu podataka. Va\u0161e podatke mo\u017eemo brisati ako to zatra\u017eite osobno, pisanim putem.<\/p>\r\n\r\n\r\n\r\n<h3 class=\"wp-block-heading\">Google Analytics<\/h3>\r\n\r\n\r\n\r\n<p>Google Analytics je besplatan alat za pra\u0107enje i analizu prometa web stranica. Ovi kola\u010di\u0107i pru\u017eaju informacije o tome kako posjetitelji koriste stranicu kako bi mogli analizirati promet i razumjeti kako na\u0161i posjetitelji koriste na\u0161u stranicu. Koristimo kola\u010di\u0107e tre\u0107e strane, Google Analytics, za ovu svrhu (kola\u010di\u0107i \u201cTre\u0107e strane\u201d). Google Analytics koristi svoje vlastite kola\u010di\u0107e. Ovi kola\u010di\u0107i ne prikupljaju informacije koje identificiraju posjetitelja. Sve informacije koje ovi kola\u010di\u0107i skupljaju su zbroj podataka i samim time anonimni. Koriste se samo kako bi pobolj\u0161ali rad na\u0161e stranice.<\/p>\r\n\r\n\r\n\r\n<h2 class=\"wp-block-heading\"><strong>Koristimo li va\u0161e osobne podatke u neke druge svrhe?<\/strong><\/h2>\r\n\r\n\r\n\r\n<p>Va\u0161e podatke koristimo samo u ono svrhu u koju su dani. Na temelju Va\u0161e izri\u010dite privole, osobne podatke mo\u017eemo obra\u0111ivati kako bi vas pravovremeno mogli upoznati s novim proizvodima, ponudama i popustima, te u promid\u017ebene svrhe (npr. slanje newslettera).<\/p>\r\n\r\n\r\n\r\n<h2 class=\"wp-block-heading\"><strong>Kome otkrivamo va\u0161e osobne podatke?<\/strong><\/h2>\r\n\r\n\r\n\r\n<p>Zakon nas obvezuje da va\u0161e osobne podatke upisujemo u informacijski sustav prijave i odjave turista (eVisitor). Osim toga, u pravilu ne otkrivamo va\u0161e osobne podatke tre\u0107im osobama, osim ako nas zakon ne obvezuje na druga\u010dije postupanje (primjerice policijska uprava, knjigovodstveni servis, porezna uprava\u2026) ili ako to ne zatra\u017eite osobno, pisanim putem.<\/p>\r\n\r\n\r\n\r\n<p>Va\u0161e osobne podatke mo\u017eemo otkriti na\u0161im partnerima ako je to nu\u017eno za izvr\u0161enje naru\u010dene usluge ili obavljanje ugovorenog posla, poput dostave naru\u010denog vina. U tom slu\u010daju na\u0161i partneri va\u0161e osobne podatke koriste samo i isklju\u010divo da obave naru\u010denu uslugu ili ugovoreni posao.<\/p>\r\n\r\n\r\n\r\n<h2 class=\"wp-block-heading\"><strong>Va\u0161a prava i kako ih ostvariti?<\/strong><\/h2>\r\n\r\n\r\n\r\n<p>Rado \u0107emo odgovoriti na va\u0161a pitanja o za\u0161titi osobnih podataka i va\u0161im pravima u vezi osobnih podataka.<\/p>\r\n\r\n\r\n\r\n<p>Imate pravo dobiti potvrdu da li obra\u0111ujemo va\u0161e osobne podatke ili ne. Ako ih obra\u0111ujemo, mo\u017eete zatra\u017eiti pristup svojim osobnim podacima uz naznaku svrhe obrade, kategorija osobnih podataka o kojima je rije\u010d kao i o eventualnim primateljima, te pravnoj osnovi za takav prijenos. Tako\u0111er, pod odre\u0111enim uvjetima imate pravo na ispravak svojih osobnih podataka, odnosno ograni\u010davanje obrade osobnih podataka ili njihovo brisanje.<\/p>\r\n\r\n\r\n\r\n<h5 class=\"wp-block-heading\"><strong>Kontaktirajte nas na e-mail: info@vuglec-breg.hr ili na na\u0161u adresu Midifar d.o.o., \u0160kari\u0107evo 150, \u0160kari\u0107evo, 49000 Krapina, uz naznaku \u201eza\u0161tita osobnih podataka\u201c.<\/strong><\/h5>\r\n\r\n\r\n\r\n<h6 class=\"wp-block-heading\">Uvijek se mo\u017eete obratiti Agenciji za za\u0161titu osobnih podataka (AZOP), kao nadzornom tijelu zadu\u017eenom za za\u0161titu osobnih podataka u Republici Hrvatskoj.<\/h6>\r\n\r\n\r\n\r\n<p><strong>Pravila privatnosti i uvjeti kori\u0161tenja<\/strong><\/p>\r\n\r\n\r\n\r\n<p><strong>Pravila privatnosti<\/strong><\/p>\r\n\r\n\r\n\r\n<p>Osobne podatke prikupljamo i obra\u0111ujemo u skladu s va\u017ee\u0107im europskim i hrvatskim propisima koji se odnose na za\u0161titu osobnih podataka, a napose u skladu s Uredbom (EU) 2016\/679 Europskog parlamenta i vije\u0107a od 27. travnja 2016. o za\u0161titi pojedinaca u vezi s obradom osobnih podataka i o slobodnom kretanju takvih podataka te o stavljanju izvan snage Direktive 95\/46\/EZ (Op\u0107a uredba o za\u0161titi podataka).<\/p>\r\n\r\n\r\n\r\n<p><strong>Koje osobne podatke obra\u0111ujemo?<\/strong> Putem na\u0161e web stranice prikupljamo i obra\u0111ujemo va\u0161e ime i prezime, te va\u0161u e-mail adresu.<\/p>\r\n\r\n\r\n\r\n<p>Kada vr\u0161ite rezervaciju smje\u0161taja putem na\u0161e web stranice, bit \u0107ete preusmjereni na sustav rezervacije kojim se koristimo na Vuglec Bregu. Putem sustava prikupljamo podatke koji su nam nu\u017eni za postupanje po va\u0161oj rezervaciji, poput imena i prezimena, dr\u017eave prebivali\u0161ta, broj identifikacijske isprave, e-mail adrese i broja mobitela. Ukoliko vr\u0161ite pla\u0107anje ili garanciju putem kreditne kartice, tada obra\u0111ujemo i podatke koji se nalaze na kreditnoj kartici, uklju\u010duju\u0107i i broj kartice, CVN broj i datum valjanosti kartice.<\/p>\r\n\r\n\r\n\r\n<p>Na na\u0161oj web stranici i kanalima dru\u0161tvenih mre\u017ea objavljujemo fotografije s na\u0161ih doga\u0111anja, kao i fotografije koje se odnose na na\u0161u ponudu i proizvodnju vina. Neke od fotografija mogu sadr\u017eavati osobne podatke, te ih objavljujemo u skladu s Op\u0107om uredbom o za\u0161titi podataka i na\u0161om politikom privatnosti.<\/p>\r\n\r\n\r\n\r\n<p><strong>Za\u0161to ih obra\u0111ujemo?<\/strong> Va\u0161e podatke obra\u0111ujemo samo u onu svrhu u koju ste ih dali, bilo da je rije\u010d o provedi va\u0161e rezervacije i \u0161to ugodnijem boravku na Vuglec Bregu ili predstavljanju na\u0161e ponude, posebnih pogodnosti ili doga\u0111anja na Vuglec Bregu.<\/p>\r\n\r\n\r\n\r\n<p><strong>Otkud nam va\u0161i osobni podaci?<\/strong> Na na\u0161oj web stranici osobno unosite svoje podatke prilikom vr\u0161enja rezervacije.<\/p>\r\n\r\n\r\n\r\n<p><strong>Koliko dugo \u010duvamo va\u0161e osobne podatke?<\/strong> Podatke ne bri\u0161emo radi vlastite evidencije i zbog slu\u017ebi kojima smo zakonski obvezni davati takvu vrstu podataka. Va\u0161e podatke mo\u017eemo brisati ako to zatra\u017eite osobno, pisanim putem.<\/p>\r\n\r\n\r\n\r\n<p><strong>Koristimo li va\u0161e osobne podatke u neke druge svrhe?<\/strong><\/p>\r\n\r\n\r\n\r\n<p>Va\u0161e podatke koristimo samo u ono svrhu u koju su dani. Na temelju Va\u0161e izri\u010dite privole, osobne podatke mo\u017eemo obra\u0111ivati kako bi vas pravovremeno mogli upoznati s novim proizvodima, ponudama i popustima, te u promid\u017ebene svrhe (npr. slanje newslettera).<\/p>\r\n\r\n\r\n\r\n<p><strong>Kome otkrivamo va\u0161e osobne podatke?<\/strong>Zakon nas obvezuje da va\u0161e osobne podatke upisujemo u informacijski sustav prijave i odjave turista (eVisitor). Osim toga, u pravilu ne otkrivamo va\u0161e osobne podatke tre\u0107im osobama, osim ako nas zakon ne obvezuje na druga\u010dije postupanje (primjerice policijska uprava, knjigovodstveni servis, porezna uprava\u2026) ili ako to ne zatra\u017eite osobno, pisanim putem.<\/p>\r\n\r\n\r\n\r\n<p>Va\u0161e osobne podatke mo\u017eemo otkriti na\u0161im partnerima ako je to nu\u017eno za izvr\u0161enje naru\u010dene usluge ili obavljanje ugovorenog posla, poput dostave naru\u010denog vina. U tom slu\u010daju na\u0161i partneri va\u0161e osobne podatke koriste samo i isklju\u010divo da obave naru\u010denu uslugu ili ugovoreni posao.<\/p>\r\n\r\n\r\n\r\n<p><strong>Va\u0161a prava i kako ih ostvariti?<\/strong> Rado \u0107emo odgovoriti na va\u0161a pitanja o za\u0161titi osobnih podataka i va\u0161im pravima u vezi osobnih podataka.<\/p>\r\n\r\n\r\n\r\n<p>Imate pravo dobiti potvrdu da li obra\u0111ujemo va\u0161e osobne podatke ili ne. Ako ih obra\u0111ujemo, mo\u017eete zatra\u017eiti pristup svojim osobnim podacima uz naznaku svrhe obrade, kategorija osobnih podataka o kojima je rije\u010d kao i o eventualnim primateljima, te pravnoj osnovi za takav prijenos. Tako\u0111er, pod odre\u0111enim uvjetima imate pravo na ispravak svojih osobnih podataka, odnosno ograni\u010davanje obrade osobnih podataka ili njihovo brisanje.<\/p>\r\n\r\n\r\n\r\n<p><strong>Kontaktirajte nas na e-mail: info@vuglec-breg.hr ili na na\u0161u adresu Midifar d.o.o., \u0160kari\u0107evo 150, \u0160kari\u0107evo, 49000 Krapina, uz naznaku \u201eza\u0161tita osobnih podataka\u201c.<\/strong><\/p>\r\n\r\n\r\n\r\n<p>Uvijek se mo\u017eete obratiti Agenciji za za\u0161titu osobnih podataka (AZOP), kao nadzornom tijelu zadu\u017eenom za za\u0161titu osobnih podataka u Republici Hrvatskoj.<\/p>\r\n\r\n\r\n\r\n<p><strong>Uvjeti kori\u0161tenja<\/strong><\/p>\r\n\r\n\r\n\r\n<p><strong>Autorska prava<\/strong><\/p>\r\n\r\n\r\n\r\n<p>Svi sadr\u017eaji objavljeni na ovom web podlije\u017eu za\u0161titi autorskih prava. Neovla\u0161teno kori\u0161tenje bilo kojeg dijela web i sadr\u017eaja smatra se kr\u0161enjem autorskih prava i podlo\u017eno je tu\u017ebi.<\/p>\r\n\r\n\r\n\r\n<p><strong>Politika kola\u010di\u0107a (cookies)<\/strong><\/p>\r\n\r\n\r\n\r\n<p>Kako bi internetska stranica radila ispravno te kako bi ju se moglo unaprje\u0111ivati u svrhu pobolj\u0161anja va\u0161eg iskustva pregledavanja, potrebno je minimalnu koli\u010dinu informacija (cookies) spremiti na va\u0161e ra\u010dunalo. Vi\u0161e od 90% internetskih stranica koristi praksu kola\u010di\u0107a te su po pravilima Europske unije obvezne zatra\u017eiti pristanak korisnika. Kori\u0161tenjem ove internetske stranice pristajete na uporabu kola\u010di\u0107a, \u010dijim blokiranjem i dalje mo\u017eete pregledavati stranicu, no neke njezine mogu\u0107nosti ne\u0107e biti funkcionalne.<\/p>\r\n\r\n\r\n\r\n<p><strong>\u0160to je kola\u010di\u0107?<\/strong><\/p>\r\n\r\n\r\n\r\n<p>Kola\u010di\u0107 je informacija spremljena na osobno ra\u010dunalo u trenutku pregledavanja internetske stranice koju ste posjetili. Kola\u010di\u0107i omogu\u0107uju jednostavnije kori\u0161tenje budu\u0107i da spremaju Va\u0161e postavke za internetsku stranicu (jezik ili adresa) te ih pri ponovnom pokretanju iste iznova aktiviraju. Na taj na\u010din informacije su prilago\u0111ene Va\u0161im potrebama i uobi\u010dajenim na\u010dinima kori\u0161tenja.<br \/>Od jednostavnih informacija o postavkama, kola\u010di\u0107i mogu spremiti i velik broj osobnih informacija (ime, e-mail adresa) za koje Vi u potpunosti morate dati pristup. Ukoliko im Vi to niste omogu\u0107ili, utoliko kola\u010di\u0107i ne mogu pristupiti datotekama na Va\u0161em ra\u010dunalu. Aktivnosti spremanja i slanja kola\u010di\u0107a Vama nisu vidljive, me\u0111utim mo\u017eete u postavkama izabranog internetskog preglednika odabrati mogu\u0107nost odobravanja\/odbijanja zahtjeva za spremanje kola\u010di\u0107a, brisanje spremljenih kola\u010di\u0107a i druge aktivnosti vezane uz kori\u0161tenje kola\u010di\u0107a.<\/p>\r\n\r\n\r\n\r\n<p><strong>Kako onemogu\u0107iti kola\u010di\u0107e?<\/strong><\/p>\r\n\r\n\r\n\r\n<p>Isklju\u010divanjem kola\u010di\u0107a ne dopu\u0161tate pohranjivanje istih na vlastitom ra\u010dunalu. Postavke kola\u010di\u0107a mogu se konfigurirati i mijenjati u izabranom internetskom pregledniku te putem linka na dnu ove stranice. Kako biste vidjeli postavke, odaberite preglednik koji koristite (Chrome, Firefox, Internet Explorer 9, Internet Explorer 7 i 8 te Operu ili Safari (stranice na engleskom jeziku)). Ukoliko onemogu\u0107ite kola\u010di\u0107e, utoliko ne\u0107ete biti u mogu\u0107nosti koristiti odre\u0111ene funkcionalnosti internetskih stranica.<\/p>\r\n\r\n\r\n\r\n<p><strong>\u0160to su privremeni kola\u010di\u0107i?<\/strong><\/p>\r\n\r\n\r\n\r\n<p>Privremeni kola\u010di\u0107i, ili kola\u010di\u0107i sesije, uklanjanju se s va\u0161eg osobnog ra\u010dunala u trenutku zatvaranja internetskog preglednika u kojem ste pregledavali internetsku stranicu. Uz pomo\u0107 ovih kola\u010di\u0107a, stranice pohranjuju privremene podatke.<\/p>\r\n\r\n\r\n\r\n<p><strong>\u0160to su stalni kola\u010di\u0107i?<\/strong><\/p>\r\n\r\n\r\n\r\n<p>Stalni, ili spremljeni, kola\u010di\u0107i ostaju na Va\u0161em osobnom ra\u010dunalu i nakon zatvaranja internetskog preglednika. Uz pomo\u0107 ovih kola\u010di\u0107a internetske stranice pohranjuju podatke kako bi Vam se olak\u0161alo kori\u0161tenje. Primjerice, internetske stranice koje zahtijevaju unos korisni\u010dkog imena i lozinke &#8221;zapamtit&#8221; \u0107e va\u0161 unos koji \u0107e se pojavljivati pri svakom novom posjetu istim. Stalni kola\u010di\u0107i ostat \u0107e zabilje\u017eeni na ra\u010dunalu danima, mjesecima ili godinama.<\/p>\r\n\r\n\r\n\r\n<p><strong>\u0160to su kola\u010di\u0107i od prve strane?<\/strong><\/p>\r\n\r\n\r\n\r\n<p>Kola\u010di\u0107i od prve strane dolaze s internetske stranice koju pregledavate, a mogu biti privremeni ili stalni. Na taj na\u010din, internetske stranice pohranjuju podatke koji \u0107e Vam olak\u0161ati kori\u0161tenje pri svakom novom posjetu toj internetskoj stranici<\/p>\r\n\r\n\r\n\r\n<p><strong>\u0160to su kola\u010di\u0107i tre\u0107e strane?<\/strong><\/p>\r\n\r\n\r\n\r\n<p>Kola\u010di\u0107i tre\u0107e strane na Va\u0161e ra\u010dunalo dolaze s drugih web mjesta koje se nalaze na internetskoj stranici koju pregledavate. Rije\u010d je o primjerice pop-up oglasima, a kola\u010di\u0107i tu imaju ulogu pra\u0107enja internetskih stranica u ogla\u0161iva\u010dke svrhe.<\/p>\r\n\r\n\r\n\r\n<p><strong>Koristi li ova web stranica kola\u010di\u0107e?<\/strong><\/p>\r\n\r\n\r\n\r\n<p>Da, ova internetska stranica koristi kola\u010di\u0107e kako bi Vam osigurala jednostavnije i bolje korisni\u010dko iskustvo.<\/p>\r\n\r\n\r\n\r\n<p><strong>Kakve kola\u010di\u0107e koristi ova web stranica?<\/strong><\/p>\r\n\r\n\r\n\r\n<ul class=\"wp-block-list\">\r\n<li>Privremene kola\u010di\u0107e (Session cookies) \u2013 rije\u010d je o kola\u010di\u0107ima koji \u0107e se automatski izbrisati prilikom zatvaranja internetskog preglednika u kojem radite<\/li>\r\n<li>Stalne kola\u010di\u0107e (Persistent cookies) \u2013 rije\u010d je o kola\u010di\u0107ima koji \u0107e ostati &#8221;zabilje\u017eeni&#8221; u va\u0161em internetskom pregledniku dok ne isteknu ili ih sami ru\u010dno ne izbri\u0161ete. Prikupljene informacije su anonimne, a ne uklju\u010duju va\u0161e privatne podatke<\/li>\r\n<\/ul>\r\n\r\n\r\n\r\n<p><strong>Ima li na web stranici kola\u010di\u0107a tre\u0107e strane?<\/strong><\/p>\r\n\r\n\r\n\r\n<p>Postoji nekoliko vanjskih servisa koji Vam spremaju ograni\u010dene kola\u010di\u0107e, a isti nije postavila ova internetska stranica. Limitirani kola\u010di\u0107i slu\u017ee za nesmetano kori\u0161tenje mogu\u0107nosti koje korisnicima osiguravaju jednostavan pristup sadr\u017eaju. Ova stranica omogu\u0107uje mjerenje posje\u0107enosti.<\/p>\r\n\r\n\r\n\r\n<p><strong>Dodatne informacija oko isklju\u010divanja kola\u010di\u0107a<\/strong><\/p>\r\n\r\n\r\n\r\n<p>Postoji nekoliko internetskih stranica za isklju\u010divanje pohranjivanja kola\u010di\u0107a za razli\u010dite servise. Vi\u0161e informacija pro\u010ditajte na sljede\u0107im linkovima:<\/p>\r\n\r\n\r\n\r\n<p><a href=\"http:\/\/www.allaboutcookies.org\/\">http:\/\/www.allaboutcookies.org\/<\/a><\/p>\r\n\r\n\r\n\r\n<p><a href=\"http:\/\/www.youronlinechoices.eu\/\">http:\/\/www.youronlinechoices.eu\/<\/a><\/p>\r\n\r\n\r\n\r\n<h3>Izjava o za\u0161titi prijenosa osobnih podataka<\/h3>\r\n<p>Za\u0161tita osobnih podataka u skladu sa Op\u0107om uredbom o za\u0161titi podataka Europskog parlamenta i Vije\u0107a broj 2016\/679-Uredba te provedbe Op\u0107e uredbe o za\u0161titi podataka<\/p>\r\n<p>Monri WSPay kao izvr\u0161itelj provo\u0111enja autorizacije i naplate kreditnih kartica postupa s osobnim podacima u svojstvu izvr\u0161itelja obrade te sa osobnim podacima postupa u skladu sa Op\u0107om uredbom o za\u0161titi podataka Europskog parlamenta i Vije\u0107a broj 2016\/679 te prema strogim pravilima PCI DSS L1 regulative o za\u0161tititi upisa i prijenosa podataka.<\/p>\r\n<p>Monri WSPay koristi SSL certifikat 256 bitne enkripcije te TLS 1.2 kriptografski protokol kao najvi\u0161e stupnjeve za\u0161tite kod upisa i prijenosa podataka.<\/p>\r\n<p>Osobni podaci koji se koriste u svrhu autorizacije i naplate odnosno u izvr\u0161avanja obveza iz Ugovora ili temeljem Ugovora, smatraju se povjerljivim podacima.<\/p>\r\n<p>Za izvr\u0161enje Ugovora (autorizacije i naplate) potrebni su sljede\u0107i osobni podaci kupca:<\/p>\r\n<ul>\r\n<li>Ime i prezime<\/li>\r\n<li>E-mail<\/li>\r\n<li>Telefon<\/li>\r\n<li>Adresa<\/li>\r\n<li>Mjesto<\/li>\r\n<li>Po\u0161tanski broj<\/li>\r\n<li>Dr\u017eava<\/li>\r\n<li>Vrsta kartice<\/li>\r\n<li>Broj kartice<\/li>\r\n<li>Vrijeme trajanja kartice<\/li>\r\n<li>CVV kod kartice<\/li>\r\n<\/ul>\r\n<p>Monri WSPay ove osobne podatke ne obra\u0111uje niti koristi osim u svrhe izvr\u0161enja ugovora autorizacije i naplate.<\/p>\r\n<p>Monri WSPay jam\u010di ispunjavanje svih uvjeta odre\u0111enih va\u017ee\u0107im propisima o za\u0161titi osobnih podataka za izvr\u0161itelje obrade osobnih podataka, a osobito poduzimanje svih potrebnih tehni\u010dkih, organizacijskih i sigurnosnih mjera a to naro\u010dito potvr\u0111uje i PCI DSS L1 certifikatom.<\/p>\r\n<h3><strong>Izjava o kori\u0161tenju Monri WSPay-a<\/strong><\/h3>\r\n<p>Web shop Vuglec Breg (prodajno mjesto) koristi Monri WSPay za online pla\u0107anja.<\/p>\r\n<p>Monri WSPay je siguran sustav za online pla\u0107anje, pla\u0107anje u realnom vremenu, kreditnim i debitnim karticama te drugim na\u010dinima pla\u0107anja. Monri WSPay kupcu i trgovcu osiguravaju siguran upis i prijenos upisanih podataka o karticama \u0161to podvr\u0111uje i PCI DSS certifikat koji Monri WSPay ima. Monri WSPay koristi SSL certifikat 256 bitne enkripcije te TLS 1.2 kriptografski protokol kao najvi\u0161e stupnjeve za\u0161tite kod upisa i prijenosa podataka.<\/p>\r\n<p><a href=\"https:\/\/www.wspay.info\/cd\/335\/opci-uvjeti-ugovora-monri-wspay-usluge\" rel=\"https:\/\/www.wspay.info\/cd\/335\/opci-uvjeti-ugovora-monri-wspay-usluge\"><img loading=\"lazy\" decoding=\"async\" class=\"alignnone wp-image-1451 size-full\" src=\"https:\/\/vuglec-breg.hr\/webshop\/wp-content\/uploads\/2024\/10\/monri-wspay.png\" alt=\"\" width=\"406\" height=\"88\" \/><\/a><\/p>\r\n\r\n\r\n\r\n<p>\u0160kari\u0107evo, 22.10.2024.<\/p>\r\n","protected":false},"excerpt":{"rendered":"<p>MIDIFAR D.O.O.,\u00a0 za turizam i ugostiteljstvo \u0160kari\u0107evo 150, 49000 Krapina Trgova\u010dki sud u Zagrebu, MBS 080819769, OIB:60430188166 Prodajno mjesto: Web shop &#8220;Vuglec Breg&#8221;\u00a0 Osobne podatke prikupljamo i obra\u0111ujemo u skladu s va\u017ee\u0107im europskim i hrvatskim propisima koji se odnose na za\u0161titu osobnih podataka, a napose u skladu s Uredbom (EU) 2016\/679 Europskog parlamenta i vije\u0107a [&hellip;]<\/p>\n","protected":false},"author":89,"featured_media":0,"parent":34,"menu_order":0,"comment_status":"closed","ping_status":"closed","template":"","meta":{"footnotes":""},"class_list":["post-3","page","type-page","status-publish","hentry"],"_links":{"self":[{"href":"https:\/\/vuglec-breg.hr\/webshop\/wp-json\/wp\/v2\/pages\/3","targetHints":{"allow":["GET"]}}],"collection":[{"href":"https:\/\/vuglec-breg.hr\/webshop\/wp-json\/wp\/v2\/pages"}],"about":[{"href":"https:\/\/vuglec-breg.hr\/webshop\/wp-json\/wp\/v2\/types\/page"}],"author":[{"embeddable":true,"href":"https:\/\/vuglec-breg.hr\/webshop\/wp-json\/wp\/v2\/users\/89"}],"replies":[{"embeddable":true,"href":"https:\/\/vuglec-breg.hr\/webshop\/wp-json\/wp\/v2\/comments?post=3"}],"version-history":[{"count":8,"href":"https:\/\/vuglec-breg.hr\/webshop\/wp-json\/wp\/v2\/pages\/3\/revisions"}],"predecessor-version":[{"id":1476,"href":"https:\/\/vuglec-breg.hr\/webshop\/wp-json\/wp\/v2\/pages\/3\/revisions\/1476"}],"up":[{"embeddable":true,"href":"https:\/\/vuglec-breg.hr\/webshop\/wp-json\/wp\/v2\/pages\/34"}],"wp:attachment":[{"href":"https:\/\/vuglec-breg.hr\/webshop\/wp-json\/wp\/v2\/media?parent=3"}],"curies":[{"name":"wp","href":"https:\/\/api.w.org\/{rel}","templated":true}]}}