{"id":617,"date":"2020-01-30T13:20:40","date_gmt":"2020-01-30T11:20:40","guid":{"rendered":"https:\/\/vuglec-breg.hr\/webshop\/?page_id=617"},"modified":"2024-11-14T09:53:22","modified_gmt":"2024-11-14T07:53:22","slug":"uvjeti-kupnje-i-dostava","status":"publish","type":"page","link":"https:\/\/vuglec-breg.hr\/webshop\/home\/uvjeti-kupnje-i-dostava\/","title":{"rendered":"UVJETI KUPNJE I DOSTAVA"},"content":{"rendered":"\r\n<h4><strong>MIDIFAR D.O.O., za turizam i ugostiteljstvo<\/strong><\/h4>\r\n<h4><strong>\u0160kari\u0107evo 150, 49000 Krapina<\/strong><\/h4>\r\n<h4><strong>OIB: 60430188166<\/strong><\/h4>\r\n<p>Prodajno mjesto: Web shop &#8220;Vuglec Breg&#8221;\u00a0<\/p>\r\n<p><strong>Cijene<\/strong><\/p>\r\n\r\n\r\n\r\n<p>Cijene navedene na webu su maloprodajne, sa uklju\u010denim PDV-om i povratnom naknadom.<\/p>\r\n<p>MIDIFAR d.o.o. zadr\u017eava pravo primjene cijena.<\/p>\r\n\r\n\r\n\r\n<p><strong>Dostava<\/strong><\/p>\r\n\r\n\r\n\r\n<p>Vr\u0161imo dostavu na podru\u010dju \u010ditave Republike Hrvatske, a minimalna narud\u017eba za dostavu su dvije boce 0,75L ili jedna 1,50L. Cijena dostave iznosi 7,00\u20ac (pdv uklju\u010den), a za iznose ve\u0107e od 99,00\u20ac dostava je besplatna. Rok isporuke je najvi\u0161e sedam radnih dana po primitku uplate, a u ve\u0107ini slu\u010dajeva unutar 48 sati. Dostavu za Hrvatsko zagorje, gradove Zagreb i Zapre\u0161i\u0107 vr\u0161imo radnim danom, a unutar dva radna dana po primitku uplate.<\/p>\r\n\r\n\r\n\r\n<p>Dostavu vr\u0161imo i u pojedine zemlje Europske unije. Tro\u0161ak dostave u zemlje EU obra\u010dunati \u0107emo naknadno po primitku narud\u017ebe i poslati u ponudi putem e-maila navedenog u narud\u017ebi.<\/p>\r\n\r\n\r\n\r\n<p><strong>Pla\u0107anje<\/strong><\/p>\r\n\r\n\r\n\r\n<p>Platiti je mogu\u0107e na sljede\u0107e na\u010dine:<\/p>\r\n\r\n\r\n\r\n<ul class=\"wp-block-list\">\r\n<li>jednokratno kreditnim karticama (Visa, Mastercard, Maestro, Diners, Discover) putem MONRI WSPay usluge pla\u0107anja kreditnim karticama<\/li>\r\n<li>e-bankingom<\/li>\r\n\r\n\r\n\r\n<li>op\u0107om uplatnicom ili virmanom<\/li>\r\n\r\n\r\n\r\n<li>pouze\u0107em gotovinom (samo za Hrvatsko zagorje, gradovi Zagreb i Zapre\u0161i\u0107)\u00a0<\/li>\r\n<\/ul>\r\n\r\n\r\n\r\n<p><strong>Izjava o kori\u0161tenju Monri WSPay-a<\/strong><\/p>\r\n<p>Web shop Vuglec Breg (prodajno mjesto) koristi Monri WSPay za online pla\u0107anja.<\/p>\r\n<p>Monri WSPay je siguran sustav za online pla\u0107anje, pla\u0107anje u realnom vremenu, kreditnim i debitnim karticama te drugim na\u010dinima pla\u0107anja. Monri WSPay kupcu i trgovcu osiguravaju siguran upis i prijenos upisanih podataka o karticama \u0161to podvr\u0111uje i PCI DSS certifikat koji Monri WSPay ima. Monri WSPay koristi SSL certifikat 256 bitne enkripcije te TLS 1.2 kriptografski protokol kao najvi\u0161e stupnjeve za\u0161tite kod upisa i prijenosa podataka.<\/p>\r\n<h3>Izjava o za\u0161titi prijenosa osobnih podataka<\/h3>\r\n<p>Za\u0161tita osobnih podataka u skladu sa Op\u0107om uredbom o za\u0161titi podataka Europskog parlamenta i Vije\u0107a broj 2016\/679-Uredba te provedbe Op\u0107e uredbe o za\u0161titi podataka<\/p>\r\n<p>Monri WSPay kao izvr\u0161itelj provo\u0111enja autorizacije i naplate kreditnih kartica postupa s osobnim podacima u svojstvu izvr\u0161itelja obrade te sa osobnim podacima postupa u skladu sa Op\u0107om uredbom o za\u0161titi podataka Europskog parlamenta i Vije\u0107a broj 2016\/679 te prema strogim pravilima PCI DSS L1 regulative o za\u0161tititi upisa i prijenosa podataka.<\/p>\r\n<p>Monri WSPay koristi SSL certifikat 256 bitne enkripcije te TLS 1.2 kriptografski protokol kao najvi\u0161e stupnjeve za\u0161tite kod upisa i prijenosa podataka.<\/p>\r\n<p>Osobni podaci koji se koriste u svrhu autorizacije i naplate odnosno u izvr\u0161avanja obveza iz Ugovora ili temeljem Ugovora, smatraju se povjerljivim podacima.<\/p>\r\n<p>Za izvr\u0161enje Ugovora (autorizacije i naplate) potrebni su sljede\u0107i osobni podaci kupca:<\/p>\r\n<ul>\r\n<li>Ime i prezime<\/li>\r\n<li>E-mail<\/li>\r\n<li>Telefon<\/li>\r\n<li>Adresa<\/li>\r\n<li>Mjesto<\/li>\r\n<li>Po\u0161tanski broj<\/li>\r\n<li>Dr\u017eava<\/li>\r\n<li>Vrsta kartice<\/li>\r\n<li>Broj kartice<\/li>\r\n<li>Vrijeme trajanja kartice<\/li>\r\n<li>CVV kod kartice<\/li>\r\n<\/ul>\r\n<p>Monri WSPay ove osobne podatke ne obra\u0111uje niti koristi osim u svrhe izvr\u0161enja ugovora autorizacije i naplate.<\/p>\r\n<p>Monri WSPay jam\u010di ispunjavanje svih uvjeta odre\u0111enih va\u017ee\u0107im propisima o za\u0161titi osobnih podataka za izvr\u0161itelje obrade osobnih podataka, a osobito poduzimanje svih potrebnih tehni\u010dkih, organizacijskih i sigurnosnih mjera a to naro\u010dito potvr\u0111uje i PCI DSS L1 certifikatom.<\/p>\r\n<p><strong>Dobna ograni\u010denja<\/strong><\/p>\r\n\r\n\r\n\r\n<p>Zabranjena je prodaja alkoholnih pi\u0107a osobama mla\u0111im od 18 godina. Svaki kupac du\u017ean je na upit dostavlja\u010da predo\u010diti dokument kojim dokazuje svoju punoljetnost.<\/p>\r\n\r\n\r\n\r\n<p><strong>Jednostrani raskid ugovora<\/strong><\/p>\r\n\r\n\r\n\r\n<p>Korisnik mo\u017ee jednostrano raskinuti Ugovor u roku od 14 (\u010detrnaest) dana bez navo\u0111enja razloga. Korisnik nema pravo na jednostrani raskid Ugovora:<\/p>\r\n\r\n\r\n\r\n<ul class=\"wp-block-list\">\r\n<li>ako mu je usluga u potpunosti ispunjena, a ispunjenje je zapo\u010delo uz njegov izri\u010dit prethodni pristanak te uz njegovu potvrdu da je upoznat s \u010dinjenicom da \u0107e izgubiti pravo na jednostrani raskid Ugovora ako mu usluga bude potpuno ispunjena,<\/li>\r\n\r\n\r\n\r\n<li>ako je predmet Ugovora zape\u010da\u0107ena roba koja zbog zdravstvenih ili higijenskih razloga nije pogodna za vra\u0107anje, a bila je otpe\u010da\u0107ena nakon dostave,<\/li>\r\n\r\n\r\n\r\n<li>ako je predmet Ugovora roba koja je zbog svoje prirode nakon dostave nerazdvojivo pomije\u0161ana s drugim stvarima,<\/li>\r\n\r\n\r\n\r\n<li>ako je predmet ugovora proizvod ili usluga \u010dija je cijena ovisna o promjenama na financijskom tr\u017ei\u0161tu koje su izvan utjecaja Prodavatelja, a koje se mogu pojaviti za vrijeme trajanja prava Kupca na jednostrani raskid ugovora,<\/li>\r\n\r\n\r\n\r\n<li>ako je predmet ugovora proizvod koja je izra\u0111en po specifikaciji Kupca ili koji je jasno prilago\u0111en Kupcu,<\/li>\r\n\r\n\r\n\r\n\r\n\r\n<li>Ako je prilikom utvr\u0111ivanja neispravnosti proizvoda konzumirano vi\u0161e od pola proizvoda.<\/li>\r\n<\/ul>\r\n\r\n\r\n\r\n<p>Da bi korisnik mogao ostvariti pravo na jednostrani raskid Ugovora, mora obavijestiti MIDIFAR d.o.o. o svojoj odluci o jednostranom raskidu Ugovora prije isteka roka i to nedvosmislenom izjavom poslanom po\u0161tom (na MIDIFAR d.o.o., \u0160kari\u0107evo 150, 49 000 Krapina) ili elektroni\u010dkom po\u0161tom na info@vuglec-breg.hr, u kojoj \u0107ete navesti svoje ime i prezime, adresu, broj telefona, telefaksa ili adresu elektroni\u010dke po\u0161te, a mo\u017ee koristiti i navedeni pisani obrazac za jednostrani raskid Ugovora.<\/p>\r\n\r\n\r\n\r\n<p>Tako\u0111er, Obrazac za jednostrani raskid Ugovora koji se nalazi <a href=\"https:\/\/vuglec-breg.hr\/webshop\/wp-content\/uploads\/2020\/04\/obrazac-za-jednostrani-raskid-ugovora.pdf\">OVDJE<\/a>, korisnik mo\u017ee elektroni\u010dki ispuniti i poslati u kojem \u0107e mu slu\u010daju MIDIFAR d.o.o. bez odga\u0111anja dostaviti potvrdu primitka obavijesti o jednostranom raskidu Ugovora elektroni\u010dkom po\u0161tom.<\/p>\r\n\r\n\r\n\r\n<p>Rok za jednostrani raskid Ugovora iznosi 14 (\u010detrnaest) dana od dana kada je korisniku ili tre\u0107oj osobi koju je korisnik odredio, a koja nije prijevoznik, roba koja je predmet Ugovora predana u posjed, odnosno u slu\u010daju usluge, od sklapanja Ugovora.<\/p>\r\n\r\n\r\n\r\n<p>Ako korisnik jednostrano raskine Ugovor, izvr\u0161it \u0107e mu se povrat sredstava koji je od njega primljen, uklju\u010duju\u0107i i tro\u0161kove isporuke, bez odga\u0111anja, a najkasnije u roku od 14 (\u010detrnaest) dana od dana kada MIDIFAR d.o.o., odnosno info@vuglec-breg.hr zaprimi korisnikovu odluku o jednostranom raskidu Ugovora, osim ukoliko je korisnik odabrao drugu vrstu isporuke, a koja nije najjeftinija standardna isporuka koja je ponu\u0111ena. Povrat sredstava bit \u0107e izvr\u0161en na isti na\u010din na koji je korisnik izvr\u0161io uplatu. U slu\u010daju da korisnik pristaje na drugi na\u010din povrata pla\u0107enog iznosa, ne snosi nikakve tro\u0161kove u odnosu na povrat. Povrat novca MIDIFAR d.o.o. mo\u017ee izvr\u0161iti tek nakon \u0161to mu je roba vra\u0107ena.<\/p>\r\n\r\n\r\n\r\n<p>Korisnik je du\u017ean robu predati ili je poslati na adresu MIDIFAR d.o.o., \u0160kari\u0107evo 150, 49 000 Krapina, bez nepotrebnog odga\u0111anja, a u svakom slu\u010daju najkasnije u roku od 14 (\u010detrnaest) dana od dana kada je MIDIFAR d.o.o., odnosno info@vuglec-breg.hr-u, uputio svoju odluku o jednostranom raskidu Ugovora. Izravne tro\u0161kove povrata robe korisnik snosi sam. Korisnik se moli da prije raskida Ugovora nazove na broj telefona +38598797398 ili se javi na info@vuglec-breg.hr kako bi mu bio obja\u0161njen postupak vra\u0107anja robe.<\/p>\r\n\r\n\r\n\r\n<p>Korisnik je sukladno \u010dlanku 77. stavak 5. Zakona o za\u0161titi potro\u0161a\u010da odgovoran za svako umanjenje vrijednosti robe koje je rezultat rukovanja robom, osim onog koje je bilo potrebno za utvr\u0111ivanje prirode, obilje\u017eja i funkcionalnosti robe. U slu\u010daju o\u0161te\u0107enja originalne ambala\u017ee iznos povrata bit \u0107e umanjen za postotak sukladan vrijednosti robe. U tom slu\u010daju korisnik \u0107e biti obavije\u0161ten o iznosu za koji \u0107e povrat biti umanjen.<\/p>\r\n\r\n\r\n\r\n<p>Ako je na zahtjev korisnika izvr\u0161avanje usluge zapo\u010delo tijekom roka za jednostrani raskid Ugovora, korisnik je du\u017ean platiti MIDIFAR d.o.o. iznos koji je razmjeran onom \u0161to je isporu\u010deno do trenutka kada je korisnik obavijestio MIDIFAR d.o.o. o jednostranom raskidu Ugovora.<\/p>\r\n\r\n\r\n\r\n<p><a href=\"https:\/\/vuglec-breg.hr\/webshop\/wp-content\/uploads\/2020\/04\/obrazac-za-jednostrani-raskid-ugovora.pdf\">LINK ZA OBRAZAC ZA JEDNOSTRANI RASKID UGOVORA<\/a><\/p>\r\n\r\n\r\n\r\n<p>Cjelovite informacije vezane uz pravo kupca na jednostrani raskid ugovora mo\u017eete prona\u0107i na ovom linku: <a href=\"https:\/\/www.zakon.hr\/z\/193\/Zakon-o-za%C5%A1titi-potro%C5%A1a%C4%8Da\">Zakon o za\u0161titi potro\u0161a\u010da<\/a><\/p>\r\n\r\n\r\n\r\n<p><strong>Povrat sredstava<\/strong><br \/>Ukoliko se dogodi da robu koju ste naru\u010dili trenutno nemamo spremnu za isporuku, kontaktirati \u0107emo vas u najkra\u0107em mogu\u0107em roku kako bismo dogovorili rok isporuke ili izvr\u0161ili povrat sredstava na va\u0161 ra\u010dun.<\/p>\r\n\r\n\r\n\r\n<p>Slike artikla su simboli\u010dne i godi\u0161te na etiketi artikla mo\u017ee se razlikovati od godi\u0161ta koje je trenuta\u010dno dostupno i koje je navedeno u specifikaciji proizvoda.\u00a0<\/p>\r\n\r\n\r\n\r\n<p><strong>Izjava o privatnosti<\/strong><br \/>MIDIFAR d.o.o se obavezuje pru\u017eati za\u0161titu osobnim podacima kupaca, na na\u010din da prikuplja samo nu\u017ene, osnovne podatke o kupcima\/korisnicima koji su nu\u017eni za ispunjenje na\u0161ih obveza; informira kupce o na\u010dinu kori\u0161tenja prikupljenih podataka, redovito daje kupcima mogu\u0107nost izbora o upotrebi njihovih podataka, uklju\u010duju\u0107i mogu\u0107nost odluke \u017eele li ili ne da se njihovo ime ukloni s lista koje se koriste za marketin\u0161ke kampanje. Svi se podaci o korisnicima strogo \u010duvaju i dostupni su samo djelatnicima kojima su ti podaci nu\u017eni za obavljanje posla. Svi djelatnici MIDIFAR d.o.o. i poslovni partneri odgovorni su za po\u0161tivanje na\u010dela za\u0161tite privatnosti.<\/p>\r\n\r\n\r\n\r\n<p><strong>Prigovori potro\u0161a\u010da<\/strong><br \/>Sve eventualne prigovore molimo uputite pismenim putem te \u0107emo na iste u najkra\u0107em mogu\u0107em roku odgovoriti. Adresa je: MIDIFAR d.o.o., \u0160kari\u0107evo 150, 49 000 Krapina.<\/p>\r\n\r\n\r\n\r\n<p>Tako\u0111er vas molimo da robu pregledate prilikom preuzimanja jer naknadne reklamacije ne\u0107emo mo\u0107i uva\u017eiti.<\/p>\r\n\r\n\r\n\r\n<p>Za sva dodatna pitanja budite slobodni kontaktirati nas.<\/p>\r\n\r\n\r\n\r\n<p>&nbsp;<\/p>\r\n\r\n\r\n\r\n<p>&nbsp;<\/p>\r\n","protected":false},"excerpt":{"rendered":"<p>MIDIFAR D.O.O., za turizam i ugostiteljstvo \u0160kari\u0107evo 150, 49000 Krapina OIB: 60430188166 Prodajno mjesto: Web shop &#8220;Vuglec Breg&#8221;\u00a0 Cijene Cijene navedene na webu su maloprodajne, sa uklju\u010denim PDV-om i povratnom naknadom. MIDIFAR d.o.o. zadr\u017eava pravo primjene cijena. Dostava Vr\u0161imo dostavu na podru\u010dju \u010ditave Republike Hrvatske, a minimalna narud\u017eba za dostavu su dvije boce 0,75L ili [&hellip;]<\/p>\n","protected":false},"author":89,"featured_media":0,"parent":34,"menu_order":0,"comment_status":"closed","ping_status":"closed","template":"","meta":{"footnotes":""},"class_list":["post-617","page","type-page","status-publish","hentry"],"_links":{"self":[{"href":"https:\/\/vuglec-breg.hr\/webshop\/wp-json\/wp\/v2\/pages\/617","targetHints":{"allow":["GET"]}}],"collection":[{"href":"https:\/\/vuglec-breg.hr\/webshop\/wp-json\/wp\/v2\/pages"}],"about":[{"href":"https:\/\/vuglec-breg.hr\/webshop\/wp-json\/wp\/v2\/types\/page"}],"author":[{"embeddable":true,"href":"https:\/\/vuglec-breg.hr\/webshop\/wp-json\/wp\/v2\/users\/89"}],"replies":[{"embeddable":true,"href":"https:\/\/vuglec-breg.hr\/webshop\/wp-json\/wp\/v2\/comments?post=617"}],"version-history":[{"count":10,"href":"https:\/\/vuglec-breg.hr\/webshop\/wp-json\/wp\/v2\/pages\/617\/revisions"}],"predecessor-version":[{"id":1497,"href":"https:\/\/vuglec-breg.hr\/webshop\/wp-json\/wp\/v2\/pages\/617\/revisions\/1497"}],"up":[{"embeddable":true,"href":"https:\/\/vuglec-breg.hr\/webshop\/wp-json\/wp\/v2\/pages\/34"}],"wp:attachment":[{"href":"https:\/\/vuglec-breg.hr\/webshop\/wp-json\/wp\/v2\/media?parent=617"}],"curies":[{"name":"wp","href":"https:\/\/api.w.org\/{rel}","templated":true}]}}