{"id":1267,"date":"2023-11-09T09:22:11","date_gmt":"2023-11-09T07:22:11","guid":{"rendered":"https:\/\/vuglec-breg.hr\/webshop\/?post_type=product&#038;p=1267"},"modified":"2026-01-08T14:24:58","modified_gmt":"2026-01-08T12:24:58","slug":"pjenusac-crveni-extra-brut-075l","status":"publish","type":"product","link":"https:\/\/vuglec-breg.hr\/webshop\/product\/pjenusac-crveni-extra-brut-075l\/","title":{"rendered":"Pjenu\u0161ac crveni, extra brut 0,75L"},"content":{"rendered":"<p>Pjenu\u0161ac berbe 2010. od sorte Cabernet sauvignon odle\u017eavan 11 godina na kvascima. Sme\u0111e tamno crvene s bogatim sitnim perlama koje odaju dozu elegancije, mirisi podsje\u0107aju na suhe \u0161ljive i prezrelo bobi\u010dasto vo\u0107e uz blage note papara. U ustima vrlo bogat, dok rasko\u0161na kompleksnost i arome odle\u017eavanja nagla\u0161avaju kvalitetu vina. Dug zavr\u0161etak sugerira da \u0107e do\u017eivljaj trajati, pru\u017eaju\u0107i vam priliku da u potpunosti u\u017eivate u svakom gutljaju. Kombinacija sa kremastim sirevima i ve\u0107inom hladnih predjela stvoriti \u0107e uravnote\u017een sklad okusa.<\/p>\n<p>Poslu\u017eiti na 6-7 \u00b0C<\/p>\n<p>Alk. 13,0 % vol<\/p>\n<p>&nbsp;<\/p>\n","protected":false},"excerpt":{"rendered":"<p>* dostava za narud\u017ebe iznad 99,00 \u20ac je besplatna za podru\u010dje cijele RH<\/p>\n<p>* PDV ura\u010dunat u cijenu<\/p>\n","protected":false},"featured_media":1276,"template":"","meta":[],"product_brand":[],"product_cat":[36],"product_tag":[46],"class_list":{"0":"post-1267","1":"product","2":"type-product","3":"status-publish","4":"has-post-thumbnail","6":"product_cat-vina","7":"product_tag-vrhunsko-pjenusavo-vino","8":"product_shipping_class-fiksno","10":"first","11":"instock","12":"taxable","13":"shipping-taxable","14":"purchasable","15":"product-type-simple"},"_links":{"self":[{"href":"https:\/\/vuglec-breg.hr\/webshop\/wp-json\/wp\/v2\/product\/1267","targetHints":{"allow":["GET"]}}],"collection":[{"href":"https:\/\/vuglec-breg.hr\/webshop\/wp-json\/wp\/v2\/product"}],"about":[{"href":"https:\/\/vuglec-breg.hr\/webshop\/wp-json\/wp\/v2\/types\/product"}],"wp:featuredmedia":[{"embeddable":true,"href":"https:\/\/vuglec-breg.hr\/webshop\/wp-json\/wp\/v2\/media\/1276"}],"wp:attachment":[{"href":"https:\/\/vuglec-breg.hr\/webshop\/wp-json\/wp\/v2\/media?parent=1267"}],"wp:term":[{"taxonomy":"product_brand","embeddable":true,"href":"https:\/\/vuglec-breg.hr\/webshop\/wp-json\/wp\/v2\/product_brand?post=1267"},{"taxonomy":"product_cat","embeddable":true,"href":"https:\/\/vuglec-breg.hr\/webshop\/wp-json\/wp\/v2\/product_cat?post=1267"},{"taxonomy":"product_tag","embeddable":true,"href":"https:\/\/vuglec-breg.hr\/webshop\/wp-json\/wp\/v2\/product_tag?post=1267"}],"curies":[{"name":"wp","href":"https:\/\/api.w.org\/{rel}","templated":true}]}}