{"id":1416,"date":"2024-10-04T11:34:04","date_gmt":"2024-10-04T09:34:04","guid":{"rendered":"https:\/\/vuglec-breg.hr\/webshop\/?post_type=product&#038;p=1416"},"modified":"2026-01-08T11:13:52","modified_gmt":"2026-01-08T09:13:52","slug":"pjenusac-crveni-075l","status":"publish","type":"product","link":"https:\/\/vuglec-breg.hr\/webshop\/product\/pjenusac-crveni-075l\/","title":{"rendered":"Pjenu\u0161ac crveni 0,75L"},"content":{"rendered":"<div class=\"woocommerce-product-details__short-description\">\n<p>Pjenu\u0161ac berbe 2010. od sorte Cabernet sauvignon odle\u017eavan 11 godina na kvascima. Sme\u0111e tamno crvene s bogatim sitnim perlama koje odaju dozu elegancije, mirisi podsje\u0107aju na suhe \u0161ljive i prezrelo bobi\u010dasto vo\u0107e uz blage note papara. U ustima vrlo bogat, dok rasko\u0161na kompleksnost i arome odle\u017eavanja nagla\u0161avaju kvalitetu vina. Dug zavr\u0161etak sugerira da \u0107e do\u017eivljaj trajati, pru\u017eaju\u0107i vam priliku da u potpunosti u\u017eivate u svakom gutljaju. Kombinacija sa kremastim sirevima i ve\u0107inom hladnih predjela stvoriti \u0107e uravnote\u017een sklad okusa.<\/p>\n<p>Poslu\u017eiti na 6-7 \u00b0C<\/p>\n<p>Alk. 13,0 % vol<\/p>\n<\/div>\n","protected":false},"excerpt":{"rendered":"<p>1 karton od 6 boca<\/p>\n","protected":false},"featured_media":1417,"template":"","meta":[],"product_brand":[],"product_cat":[70],"product_tag":[49],"class_list":{"0":"post-1416","1":"product","2":"type-product","3":"status-publish","4":"has-post-thumbnail","6":"product_cat-vino_na_kartone","7":"product_tag-kvalitetno-bijelo-vino","8":"product_shipping_class-fiksno","10":"first","11":"instock","12":"sale","13":"taxable","14":"shipping-taxable","15":"purchasable","16":"product-type-simple"},"_links":{"self":[{"href":"https:\/\/vuglec-breg.hr\/webshop\/wp-json\/wp\/v2\/product\/1416","targetHints":{"allow":["GET"]}}],"collection":[{"href":"https:\/\/vuglec-breg.hr\/webshop\/wp-json\/wp\/v2\/product"}],"about":[{"href":"https:\/\/vuglec-breg.hr\/webshop\/wp-json\/wp\/v2\/types\/product"}],"wp:featuredmedia":[{"embeddable":true,"href":"https:\/\/vuglec-breg.hr\/webshop\/wp-json\/wp\/v2\/media\/1417"}],"wp:attachment":[{"href":"https:\/\/vuglec-breg.hr\/webshop\/wp-json\/wp\/v2\/media?parent=1416"}],"wp:term":[{"taxonomy":"product_brand","embeddable":true,"href":"https:\/\/vuglec-breg.hr\/webshop\/wp-json\/wp\/v2\/product_brand?post=1416"},{"taxonomy":"product_cat","embeddable":true,"href":"https:\/\/vuglec-breg.hr\/webshop\/wp-json\/wp\/v2\/product_cat?post=1416"},{"taxonomy":"product_tag","embeddable":true,"href":"https:\/\/vuglec-breg.hr\/webshop\/wp-json\/wp\/v2\/product_tag?post=1416"}],"curies":[{"name":"wp","href":"https:\/\/api.w.org\/{rel}","templated":true}]}}