{"id":1637,"date":"2025-10-15T11:19:51","date_gmt":"2025-10-15T09:19:51","guid":{"rendered":"https:\/\/vuglec-breg.hr\/webshop\/?post_type=product&#038;p=1637"},"modified":"2026-02-24T15:11:39","modified_gmt":"2026-02-24T13:11:39","slug":"pinot-noir-paket","status":"publish","type":"product","link":"https:\/\/vuglec-breg.hr\/webshop\/product\/pinot-noir-paket\/","title":{"rendered":"PINOT NOIR paket"},"content":{"rendered":"<p><strong>PINOT NOIR paket sadr\u017ei:<\/strong><\/p>\n<ul>\n<li>Pinot Noir 2023. 0,75L<\/li>\n<li>Tvrdi sir Ratkajec 450gr<\/li>\n<li>Namaz od bu\u010dinog ulja i ko\u0161tica OPG \u0160tefanec 210gr<\/li>\n<li>Srce s natpisom Sretan Bo\u017ei\u0107 ili Vuglec Breg<\/li>\n<\/ul>\n","protected":false},"excerpt":{"rendered":"<ul>\n<li>Mogu\u0107nost \u010destitke s personaliziranom porukom &#8211; 4\u20ac doplata<\/li>\n<li>Minimalna narud\u017eba za dostavu je 1 pakiranje<\/li>\n<li>Dostava za narud\u017ebe iznad 99,00 \u20ac je besplatna za podru\u010dje cijele RH<\/li>\n<li>Fotografije su simboli\u010dne<\/li>\n<li>PDV ura\u010dunat u cijenu<\/li>\n<\/ul>\n","protected":false},"featured_media":1664,"template":"","meta":[],"product_brand":[],"product_cat":[43],"product_tag":[46],"class_list":{"0":"post-1637","1":"product","2":"type-product","3":"status-publish","4":"has-post-thumbnail","6":"product_cat-poklon-pakiranja","7":"product_tag-vrhunsko-pjenusavo-vino","8":"product_shipping_class-besplatno","10":"first","11":"instock","12":"taxable","13":"shipping-taxable","14":"purchasable","15":"product-type-simple"},"_links":{"self":[{"href":"https:\/\/vuglec-breg.hr\/webshop\/wp-json\/wp\/v2\/product\/1637","targetHints":{"allow":["GET"]}}],"collection":[{"href":"https:\/\/vuglec-breg.hr\/webshop\/wp-json\/wp\/v2\/product"}],"about":[{"href":"https:\/\/vuglec-breg.hr\/webshop\/wp-json\/wp\/v2\/types\/product"}],"wp:featuredmedia":[{"embeddable":true,"href":"https:\/\/vuglec-breg.hr\/webshop\/wp-json\/wp\/v2\/media\/1664"}],"wp:attachment":[{"href":"https:\/\/vuglec-breg.hr\/webshop\/wp-json\/wp\/v2\/media?parent=1637"}],"wp:term":[{"taxonomy":"product_brand","embeddable":true,"href":"https:\/\/vuglec-breg.hr\/webshop\/wp-json\/wp\/v2\/product_brand?post=1637"},{"taxonomy":"product_cat","embeddable":true,"href":"https:\/\/vuglec-breg.hr\/webshop\/wp-json\/wp\/v2\/product_cat?post=1637"},{"taxonomy":"product_tag","embeddable":true,"href":"https:\/\/vuglec-breg.hr\/webshop\/wp-json\/wp\/v2\/product_tag?post=1637"}],"curies":[{"name":"wp","href":"https:\/\/api.w.org\/{rel}","templated":true}]}}