{"id":360,"date":"2019-03-11T12:08:52","date_gmt":"2019-03-11T10:08:52","guid":{"rendered":"https:\/\/demo.accesspressthemes.com\/zigcy-lite\/demo-three\/?post_type=product&#038;p=360"},"modified":"2026-02-24T15:08:16","modified_gmt":"2026-02-24T13:08:16","slug":"pjenusac-jasminka","status":"publish","type":"product","link":"https:\/\/vuglec-breg.hr\/webshop\/product\/pjenusac-jasminka\/","title":{"rendered":"Pjenu\u0161ac Jasminka, demi sec 0,75L"},"content":{"rendered":"<div class=\"woocommerce-product-details__short-description\">\n<p>Tople i bogate boje staroga zlata i lijepoga, polaganog perlanja. Miris je ispunjen privla\u010dnim oksidativnim notama, vrlo skladnih aroma kola\u010da od jabuke, \u017eute kreme od jaja, bogate, tamne karamele, nje\u0161pole, \u0161umskog meda, ali i izra\u017eenoga cvjetnoga \u017eutog cvije\u0107a. Vrlo kompleksan. Demi sec je na klasi\u010dnoj \u0161ampanjskoj skali drugi po sladoru, u ustima vrlo rasko\u0161an i opojan, ali s dovoljno svje\u017eine da nosi tu slatko\u0107u. Pjenu\u0161ac \u0107e se izvrsno sljubiti s tradicionalnim kola\u010dima, doma\u0107im keksima, kola\u010dima s vo\u0107nim i \u017eutim kremama kao i onim od vanilije. Posebno sve\u010dano sparivanje je poslu\u017eiti ovakav stil pjenu\u0161ca uz slatko-slane recepte kao pa\u010dju ili gu\u0161\u010dju pa\u0161tetu s mekim, pljesnivim sirom i doma\u0107im d\u017eemom na tostu.<\/p>\n<div id=\"cke_pastebin\">Poslu\u017eiti na 6 &#8211; 7 \u00b0C<\/div>\n<p>Alk. 12,2 vol%<\/p>\n<p>&nbsp;<\/p>\n<\/div>\n","protected":false},"excerpt":{"rendered":"<p>* dostava za narud\u017ebe iznad 99,00\u20ac je besplatna za podru\u010dje cijele RH<\/p>\n<p>* PDV ura\u010dunat u cijenu<\/p>\n","protected":false},"featured_media":733,"template":"","meta":[],"product_brand":[],"product_cat":[36],"product_tag":[46],"class_list":{"0":"post-360","1":"product","2":"type-product","3":"status-publish","4":"has-post-thumbnail","6":"product_cat-vina","7":"product_tag-vrhunsko-pjenusavo-vino","8":"product_shipping_class-besplatno","10":"first","11":"instock","12":"taxable","13":"shipping-taxable","14":"purchasable","15":"product-type-simple"},"_links":{"self":[{"href":"https:\/\/vuglec-breg.hr\/webshop\/wp-json\/wp\/v2\/product\/360","targetHints":{"allow":["GET"]}}],"collection":[{"href":"https:\/\/vuglec-breg.hr\/webshop\/wp-json\/wp\/v2\/product"}],"about":[{"href":"https:\/\/vuglec-breg.hr\/webshop\/wp-json\/wp\/v2\/types\/product"}],"wp:featuredmedia":[{"embeddable":true,"href":"https:\/\/vuglec-breg.hr\/webshop\/wp-json\/wp\/v2\/media\/733"}],"wp:attachment":[{"href":"https:\/\/vuglec-breg.hr\/webshop\/wp-json\/wp\/v2\/media?parent=360"}],"wp:term":[{"taxonomy":"product_brand","embeddable":true,"href":"https:\/\/vuglec-breg.hr\/webshop\/wp-json\/wp\/v2\/product_brand?post=360"},{"taxonomy":"product_cat","embeddable":true,"href":"https:\/\/vuglec-breg.hr\/webshop\/wp-json\/wp\/v2\/product_cat?post=360"},{"taxonomy":"product_tag","embeddable":true,"href":"https:\/\/vuglec-breg.hr\/webshop\/wp-json\/wp\/v2\/product_tag?post=360"}],"curies":[{"name":"wp","href":"https:\/\/api.w.org\/{rel}","templated":true}]}}